et j(b) = -b**2 - 16*b + 4. Let i = 78 + -93. Let y be j(i). What is the highest common factor of 19 and y?
19
Let w be (-1 + (-1)/(-2))*(112 - 148). Calculate the greatest common factor of w and 1278.
18
Suppose 3*n - 122 + 20 = 3*m, -2*m + 76 = 2*n. Suppose -5*g + 2*g = -n. Let t = g + 13. What is the highest common divisor of t and 10?
5
Let z be (-6)/21 + (-814)/(-7). Suppose -3*w + w + z = 0. What is the greatest common factor of 145 and w?
29
Let h(r) = -21*r + 82. Let t be h(-14). What is the greatest common factor of 47 and t?
47
Let s be (6/(-9))/(2/(-6)). Let l be (15/2)/((-4)/24). Let u be (-11)/(-5) - (-9)/l. What is the greatest common factor of s and u?
2
Suppose 329 = 15*f - 121. Let o(l) = -l**2 + 120. Let b be o(0). Calculate the highest common divisor of b and f.
30
Suppose 5*x - i - 3704 = -5*i, -3*x = 4*i - 2216. What is the greatest common divisor of 279 and x?
93
Let o = 20 - 17. Suppose n - 8 = -o. Suppose n*m + 32 = 9*m. Calculate the highest common divisor of 64 and m.
8
Let a(l) = 15*l - 62. Let x be a(10). What is the greatest common factor of x and 11?
11
Suppose 0 = -3*k + 15, -4*y - 5*k + k = -1348. Suppose -5*j + 5*z = -410, -2*z = -j - 3*j + y. What is the highest common factor of j and 12?
12
Suppose 5*r = 3*r + 28. Suppose -3*l - 8 = l. Let k = r - l. Calculate the highest common divisor of 2 and k.
2
Let v(x) = -x**2 + 3*x. Let k be v(-3). Let r(m) = -2*m - 35. Let d be r(k). Calculate the highest common divisor of d and 1.
1
Let d = -5 - 13. Let l be (-118)/(-5) - d/45. What is the highest common factor of 216 and l?
24
Let q = -915 + 957. What is the highest common factor of 98 and q?
14
Let g be 6*11/(165/20). Let i be 21/(-2)*24/(-14). Let p = i - g. What is the highest common factor of p and 20?
10
Suppose 4*y = 2*b, 0 = b - 7*y + 2*y + 6. What is the greatest common divisor of 1 and b?
1
Let o be (-2)/4 + (-75)/(-6). Let i be 2*3/o*6. Suppose 4*z - 6*z = 3*p - 20, i*z = 2*p + 4. Calculate the highest common factor of 8 and p.
4
Let l = 777 - 768. What is the highest common factor of l and 333?
9
Let u be -3 + (114 - -2) + 10. What is the greatest common factor of 1230 and u?
123
Let k(m) = 3*m**2 - 1. Let n be k(-3). Let s(z) = -2*z - 26. Let i be s(9). Let q = i - -109. What is the greatest common divisor of n and q?
13
Suppose -3*k + 129 = -0*k. Let y = k - 41. Suppose 5 = 4*b + b. What is the greatest common divisor of y and b?
1
Let q = 450 + -362. What is the highest common divisor of 8 and q?
8
Let t be 1/(-3) + 28/12. Suppose 0 = t*h + 4*s - 316, h = 4*h + 5*s - 479. What is the highest common divisor of h and 21?
21
Let w(x) = -x - 1. Let q(d) = -3*d - 14. Let c(p) = q(p) - 2*w(p). Let m be c(-17). What is the greatest common divisor of m and 2?
1
Suppose 0 = 4*u + 108 - 632. Suppose 0 = -4*w - 2*z + 710 - 174, -2*z = w - u. What is the highest common divisor of w and 54?
27
Let a = -28 - -44. Suppose 4*r = -y + 2*y + 15, -3*y - 13 = -4*r. Suppose -2*w + 74 = r*d, -w = -d - 3*w + 26. Calculate the highest common divisor of a and d.
16
Let o(h) = h**3 + 6*h**2 - 8*h + 1. Let z be o(-7). Suppose 0 = -2*i + 6 + 4. Suppose -i*r + 2 = -z. What is the greatest common factor of 2 and r?
2
Let j(g) = 8*g**3 - 2*g**2 + g + 1. Let t be j(1). Suppose -6*q + 16 + t = 0. Let i be (3 - 7) + (-48)/(-2). Calculate the highest common divisor of i and q.
4
Let q be ((-5)/((-35)/(-24)))/((-84)/588). Calculate the greatest common divisor of q and 348.
12
Suppose -4*u - 2*c + 1400 = -6*c, -c - 1054 = -3*u. Calculate the greatest common divisor of u and 66.
22
Suppose 107 = -11*z + 1427. What is the highest common divisor of z and 48?
24
Suppose -25 = -5*w, 5*i + 4*w - 83 = 2*i. Let o = i - 6. Let p = 18 - o. Calculate the greatest common factor of 3 and p.
3
Let k = 514 - 438. Calculate the greatest common divisor of 38 and k.
38
Suppose -3*k - 2*g + 11 = 0, k - 2*g + 0 = 1. Suppose k*f + 4 = 25. Let a be f + (-1 + 3)/2. Calculate the greatest common divisor of 16 and a.
8
Suppose -5*j = -17 - 3. Suppose r + 2 = j. Suppose -r*q = 3*q - 5. What is the greatest common divisor of q and 3?
1
Let g be (((-3)/9)/(-1))/((-3)/(-63)). Let z be 3*3/(g - 4). What is the greatest common factor of 6 and z?
3
Suppose -114*r + 116*r - 506 = 0. What is the highest common factor of r and 23?
23
Let k = -1518 + 1536. Calculate the greatest common divisor of k and 390.
6
Suppose 0 = -3*y + 49 + 44. Let q = y - 18. Calculate the greatest common factor of q and 52.
13
Let m be (-348)/(-14) - 12/(-84). Calculate the greatest common factor of 175 and m.
25
Suppose -x = -n - 369, -25*n + 30*n + 349 = x. Calculate the greatest common factor of x and 68.
34
Suppose 5*s - 6 - 14 = 0. Suppose -s*a = -28 - 68. What is the greatest common divisor of a and 12?
12
Suppose -2*p - 3*p = 0. Let t be (p - -3)*-1 + 31. Suppose -616 = -2*y - 0*y. Calculate the greatest common factor of y and t.
28
Let x(n) = n**3 - 13*n**2 + 3*n - 29. Let f = 73 + -60. Let r be x(f). What is the greatest common factor of 15 and r?
5
Let a be ((-9)/2)/((-2)/12). Suppose -4*d = -394 - 66. Suppose 3*c = 2*q + 407, -429 = -4*c + 4*q + d. What is the highest common factor of a and c?
27
Let w be ((-22)/6)/(-3 + 26/9). Calculate the greatest common factor of 22 and w.
11
Suppose -5*t = -70 + 20. Let u(k) = k**3 - 7*k**2 - 8*k - 5. Let j be u(8). Let f = 9 + j. What is the greatest common divisor of t and f?
2
Suppose -161*z = -157*z - 352. Calculate the highest common divisor of z and 8.
8
Let m(k) = 2*k**3 + 108*k**2 - 3*k - 24. Let i be m(-54). What is the greatest common divisor of 24 and i?
6
Let d be (-119 - (-2)/(-1))*-2. Let b(n) = 5*n - 3. Let c be b(5). What is the greatest common divisor of c and d?
22
Suppose 5*z = 21 - 1. Suppose -8*t + z*t = -48. Calculate the greatest common factor of t and 9.
3
Let z(y) = 11*y + 106. Let i be z(7). Calculate the greatest common divisor of i and 3.
3
Suppose 0 = -10*u + 19 + 31. What is the highest common factor of 80 and u?
5
Suppose -3*t = -4*p - 46, t - 2 = -p + 4. Suppose 3*y - t = y. Let b(d) = -d**2 + 5*d - 1. Let m be b(3). What is the greatest common factor of m and y?
5
Let j = -1669 + 1734. Calculate the highest common divisor of j and 2665.
65
Let j be (3/1)/3 - 0. Let p(n) = 1 - j - 3 - n. Let c be p(-11). What is the highest common factor of c and 20?
4
Suppose -3*a = -4*q - 832, -5*a - 30*q + 27*q + 1348 = 0. Calculate the highest common factor of 34 and a.
34
Let g be (133 + -13)*63/12. What is the greatest common divisor of 35 and g?
35
Let g be 1/1 + -1 + -13. Let u(s) = -s**3 - 12*s**2 + 8*s - 15. Let x be u(g). Calculate the greatest common factor of x and 20.
10
Suppose -5*f = 3*m - 3465, -4*m = 2*f - 3772 - 848. Suppose -304*l + 301*l = -m. Calculate the greatest common divisor of 35 and l.
35
Let w be -2 + 3 - (2 - 3). Let c be ((-959)/28)/((-4)/(-16)). Let f = 139 + c. Calculate the highest common factor of w and f.
2
Suppose -k + 4*w + 28 = 0, -w - 60 = -5*k + 3*w. Let s = 73 + -58. Let b be 0 + 7574/105 + (-2)/s. What is the highest common factor of k and b?
8
Let z = 187 + 613. Calculate the highest common divisor of 50 and z.
50
Let t(j) = -j**2 - 12*j - 4. Let w be t(-9). Let r(g) = 11*g - w - 11*g + 3*g - 2. Let c be r(12). Calculate the greatest common divisor of c and 11.
11
Suppose 0 = -2*d - 3*d + 950. Let j = 215 + -139. What is the highest common factor of j and d?
38
Suppose 6*r - 3*r = 33. Let u(p) = p**3 - 11*p**2 + 2*p + 26. Let w be u(r). What is the highest common divisor of w and 6?
6
Let g be (1*-1 + -2)/(143/(-1001)). What is the greatest common divisor of 7 and g?
7
Suppose 5*j = 4 + 6, 2*x + 4 = 5*j. Suppose n = 4*d + 13, x*d + 13 = 4*n - 3*n. Calculate the highest common factor of 13 and n.
13
Let i(r) = r**3 + 11*r**2 - r - 9. Let v = -22 - -11. Let s be i(v). Calculate the greatest common factor of 20 and s.
2
Suppose 8*d = -0*d + 352. What is the greatest common divisor of 33 and d?
11
Suppose -64*f - 886 = -19894. Calculate the greatest common divisor of f and 270.
27
Let r be 10/(-35) + (-5379)/21*-2. What is the greatest common factor of r and 32?
32
Suppose 3*z - 8 = 88. What is the greatest common factor of z and 1568?
32
Let n = 28 + 21. Let d = -27 + n. Suppose u = -u